the tens digit of f?
2
Suppose 89 + 184 = 7*q. What is the units digit of q?
9
Let y = -43 + 62. What is the tens digit of y?
1
Suppose 0 = -2*t + 2*z + 300, 3*z - 8 = -z. What is the hundreds digit of t?
1
Suppose 3 = -2*q + 1. Let x be (4 - 3)*q/1. Let n = x + 6. What is the units digit of n?
5
Let z = 536 - 313. What is the tens digit of z?
2
Let z = 6 - 3. Let n be (z + -5)*(1 + -3). Suppose n*j + 5*x = 82, -j + 0*j + 13 = 5*x. What is the units digit of j?
3
Suppose 3*p + 3*q + 13 = -2*q, 3*p - 3*q - 27 = 0. Suppose p*h - m + 0*m = 31, 4*h - 4*m - 16 = 0. What is the units digit of h?
9
Let a = -3 + 8. Suppose 5*w - a*j - 38 = w, 0 = -3*w - j + 38. Suppose -n = -w + 3. What is the units digit of n?
9
Suppose a - 7 = 1. Let m be (-24)/14 + a/(-28). Let s = 1 - m. What is the units digit of s?
3
Let f(b) = -b**2 - 8*b + 8. Let u be f(-9). Let w be (-18)/8 + u/(-4). What is the units digit of w/10 - (-108)/15?
7
Suppose 2*a + n = 5*n + 452, -5*a - 4*n = -1186. What is the tens digit of a?
3
Suppose -2*q + 2544 = 10*q. What is the tens digit of q?
1
Suppose 0 = -0*f - 5*f + 125. Suppose -2*w = -0*w + i - 44, f = w - i. What is the tens digit of w?
2
Let h = -11 + 7. What is the tens digit of 273/14 - 6/h?
2
Let u(p) = -2*p - 11. What is the units digit of u(-10)?
9
Let s(p) be the second derivative of -p**6/240 - p**5/10 + p**4/3 - p. Let d(w) be the third derivative of s(w). What is the tens digit of d(-8)?
1
Suppose -3*w = -6, 4*s + 62 = s - 2*w. Suppose -2*l = -4*y - 12, 3*y - 14 = y - 4*l. Let r = y - s. What is the units digit of r?
1
Suppose -3*y + 6*y - 126 = 0. What is the units digit of y?
2
Let z(t) = t**2 + 2*t - 2. Let w be (4/(-2))/(2/5). What is the tens digit of z(w)?
1
What is the hundreds digit of 116/((5/30)/((-1)/(-3)))?
2
Suppose 0*l - 5*l + 4*x - 11 = 0, -13 = -5*l - 2*x. Let t(a) = -a - 8 + 2*a + l. What is the units digit of t(8)?
1
Let z(a) = -a + 12. Let c be 2/(0 + (-1)/(-3)). What is the units digit of z(c)?
6
Suppose -2*f + 13 + 7 = -3*b, -3*b = -f + 16. Suppose -12 = -7*i + f*i. Suppose i*z = -5*t + 32, -2*z + t + 2 + 0 = 0. What is the units digit of z?
3
Let s = 53 + 18. What is the units digit of s?
1
Let f(o) be the third derivative of -o**5/60 + 5*o**4/24 - o**3/3 - o**2. Suppose i + 7 = -3*x - 3*i, -x = 2*i + 5. What is the units digit of f(x)?
4
Suppose 5*k + 314 = 3*o, -4*o + 9*o + 4*k = 548. What is the tens digit of o?
0
Let x = -12 - -40. Let a = x - 4. What is the units digit of a?
4
Suppose 0 = -0*d + 4*d - 8. Suppose 4*v - d*v = 8. Suppose v*o + 48 = 4*a, 2*o = 4*a - 39 - 3. What is the units digit of a?
9
Suppose -3*b = -3 + 36. What is the units digit of (-5)/((-15)/6) - b?
3
Suppose -41 = 3*t - 2*t. Let g = 23 + t. Let b = -11 - g. What is the units digit of b?
7
Let u(d) = -d**2 + 3*d + 4. Let i be u(3). Suppose -v = 3*z + 15, i*z + 26 = -z - 2*v. Let w(y) = -3*y. What is the tens digit of w(z)?
1
Let u(x) = -x**3 + 10*x**2 - 9*x - 4. Let d be u(9). Let p be d*((-6)/4 - -1). Suppose -2*h - p*h + 24 = 0. What is the units digit of h?
6
Suppose -3*u = -0*u - 618. What is the tens digit of u/6 - (-4)/(-12)?
3
What is the tens digit of (-455)/(-39) + (-4)/6?
1
Let g(t) = 12*t**2 + 3*t. What is the tens digit of g(-2)?
4
Suppose 3*c = -4*b, 3*c + b - 13 = -4. Let r be (c - 3)*(0 + 5). Suppose 4*u = -m - 16, 13 = -0*m - 3*m - r*u. What is the units digit of m?
4
Let y be (-205)/(-5) - 2*-2. Let i be -2 - (-8)/(-4 + 2). What is the units digit of ((-8)/10)/(i/y)?
6
Let k = -6 - -9. Suppose y = u + 1, -k*u = -2*u - 3*y + 5. What is the units digit of u?
1
Suppose 2*i = -3*h + 13, -4*h = -0*i + 2*i - 16. Suppose i = v - 2. Suppose -v*j - 7 = -u + 21, 18 = u - 2*j. What is the units digit of u?
8
Suppose 543 - 15 = 8*w. What is the units digit of w?
6
Suppose 0 = -5*r - 104 + 709. What is the tens digit of r?
2
Let p = 243 - 109. What is the units digit of p?
4
Let k(w) = -w - 5. Let c be k(-8). Let h(m) = -c + m + 2*m - 2*m. What is the units digit of h(4)?
1
Let m(p) = -p - 4. Let q(k) = k**2 - 9*k - 5. Let c be q(9). What is the units digit of m(c)?
1
Let j(r) = r**3 - 2*r**2 - r + 6. What is the tens digit of j(5)?
7
Suppose 0*s = -5*s + 200. Let n = -16 + s. What is the tens digit of n?
2
Let o(t) = -2*t**2 - 4 + 3*t**2 + 4*t - 2*t**2. Let r be o(4). Let q = 7 + r. What is the units digit of q?
3
Suppose 0 = 2*z - 2*c - 24, -4*c = 3*z + c - 68. Suppose 2*o + 2*o = -z. What is the units digit of o/(-18) + 32/18?
2
Let u be 6/(-4)*2*-1. Suppose -r = -4*n - u - 1, 0 = -4*r - 2*n - 2. Let y = 11 - r. What is the units digit of y?
1
Suppose 0 = q - 5*q. Let j be (-4)/(-8) + 5/(-2). Let i = q - j. What is the units digit of i?
2
Let h(w) be the third derivative of -5*w**4/8 - 7*w**3/3 + w**2. Let y(o) = -10*o - 9. Let b(a) = 5*h(a) - 8*y(a). What is the tens digit of b(2)?
1
Suppose -142 = 5*x - 672. What is the units digit of x?
6
Suppose 0 = 3*t - 2*i - 86, -5*i - 19 - 1 = 0. Let n = 49 - 32. Let b = t - n. What is the units digit of b?
9
Let d be ((-25)/(-10))/(2/4). Suppose -v = d*f + 15, -v = v - 5*f. What is the units digit of 2/(1 - 3) - v?
4
What is the units digit of ((-2)/5)/(2/(-290))?
8
Suppose -2*w + 24 = -166. What is the tens digit of w?
9
Suppose 2*v - 35 = -3*s + 119, 0 = -3*v - 3*s + 225. What is the units digit of v?
1
Suppose -2*m = 13 + 13. Suppose 59 = 5*h + 164. Let s = m - h. What is the units digit of s?
8
Let k(f) = 2*f - 7. What is the tens digit of k(16)?
2
Let s(b) = b**2 - 3*b + 12. What is the tens digit of s(7)?
4
Let u = -3 + -4. Let d = u - -8. What is the units digit of d?
1
Suppose 80 = 2*c - 7*c. Let i = c + 27. What is the tens digit of i?
1
Suppose 0 = -4*b + 13 + 11. Suppose -b = h - 2*h. What is the units digit of h?
6
Let d be (-3 - -2)/(1 + -2). Let b = d - -2. Suppose 2 - 7 = -2*a - b*z, 4*a - 18 = 2*z. What is the units digit of a?
4
Let w(r) = r - 4. What is the units digit of w(13)?
9
Let i(r) = r - 3. Let v be i(6). Let n(k) = -2*k**2 + 2*k. Let q be n(v). What is the units digit of (-6)/q*(1 + 7)?
4
Suppose y = -0*y + 3. What is the tens digit of (-2)/3 - (-41)/y?
1
Let b be 8/14 + 156/(-28). Let t = b - -35. What is the units digit of t?
0
Let a be 0 + -4 + (-4)/(-2). Let f(r) = -3*r + 0*r - 2 + r. What is the units digit of f(a)?
2
Let d(p) = -2*p**3 + 21*p**2 - 20*p + 6. What is the tens digit of d(9)?
6
Suppose -3*j + 0*j + 2*b - 6 = 0, -2*j + 5*b = 15. Suppose j = c + 3*c - 12. Suppose 0 = c*g - 6, -3*g - 18 = -0*u - 4*u. What is the units digit of u?
6
Let k = -3 + -11. What is the units digit of k/49 + 130/14?
9
Let z(d) = -d**3 + 5*d**2 + 3*d - 7. Let m be z(5). Suppose -3*s + 40 = -m. What is the tens digit of s?
1
Let g(y) = y**2 - 7*y - 3 + 5*y**2 - 2*y**2 - y**2. What is the units digit of g(4)?
7
Let n = 83 + -14. Suppose 2*s - 29 = -3*r, -7*r + 2*r = -2*s + n. Let b = s - 15. What is the units digit of b?
7
Let s be 3/((-3)/(-17)) - 2. Suppose 0*v - 5 = -5*v. Suppose s + v = 2*r. What is the units digit of r?
8
Suppose -5*g = -0*g. Suppose -6 = 2*t - 28. Suppose -r + 0 + t = g. What is the tens digit of r?
1
Let a = 6 - 7. Let g = a + 4. What is the units digit of g?
3
Let k be -6*(4/12)/(-1). Let d = 19 - -7. Suppose -d = -k*w + 2*s, -5*s - 26 + 1 = 0. What is the units digit of w?
8
Let i(g) = -g - 3. Suppose 0 = -5*z + 5 - 25. Let b be 6/z*2 + -2. What is the units digit of i(b)?
2
Let v = -109 + 186. What is the tens digit of v?
7
Let s(w) = -3*w + 5. Let p(h) = -5*h + 10. Let o(a) = 6*p(a) - 11*s(a). Let c be o(-5). Let v = c - -16. What is the units digit of v?
6
Let k be 0 + (0 - (-1 - 1)). Suppose 0 = 2*i - 0*i - 2*x - 2, -4*i + k*x = -10. Suppose i*d = -1 + 29. What is the units digit of d?
7
Let l(i) = -i**2 + 11*i + 8. Let j(m) = -m**2 + 11*m + 8. Let a(y) = 6*j(y) - 7*l(y). Let u be a(12). Suppose -15 = r - u*r. What is the units digit of r?
5
Let c be 20/(-3) + 1/(-3). Let w = 13 + c. What is the units digit of w - -3*(-2)/6?
5
Suppose -3*y = 38 + 7. Let u = y - -26. What is the tens digit of u?
1
Let m = -6 - 0. Let i = m + 17. What is the tens digit of i?
1
Let r(l) = 0*l**2 + 2 + 0 + 5*l + 0*l**2 + l**2. What is the tens digit of r(-7)?
1
Let q(r) = r**3 + 5*r**2 + 2*r - 4. Let y be q(-4). Suppose -m = -y*g - 4*m + 1, -25 = 